. Determine o(85).
634
Let d(u) = u**3 + 19*u**2 - 203*u + 145. What is d(-27)?
-206
Let r(n) = 117*n**3 - n**2 + 46*n + 80. Calculate r(-2).
-952
Let l(n) = n**3 + 68*n**2 - 1251*n - 249. Give l(-83).
249
Let b(c) = -3*c**2 - 1210*c - 445. Determine b(-403).
-42
Let n(o) = 1300*o - 415931. Give n(320).
69
Let b(i) = -3*i**2 + 1956*i - 15432. Give b(8).
24
Let s(r) = 316*r + 72086. Determine s(-228).
38
Let z(n) = 2865*n - 48653. Give z(17).
52
Let a(g) = -8144*g - 40765. Calculate a(-5).
-45
Let b(d) = 3838*d + 529497. Give b(-138).
-147
Let q(t) = 4668*t - 410724. What is q(88)?
60
Let p(n) = -n**3 + 24*n**2 + 194*n - 3769. Calculate p(25).
456
Let m(r) = -100*r - 3529. Calculate m(-41).
571
Let c(p) = -787084*p - 4722503. Determine c(-6).
1
Let d(j) = -9*j**2 + 1034*j + 31252. Give d(-25).
-223
Let o(l) = 227*l - 11334. What is o(58)?
1832
Let l(d) = -502121*d - 10544526. Give l(-21).
15
Let w(f) = -974*f - 524638. What is w(-538)?
-626
Let o(m) = -547*m + 17004. What is o(31)?
47
Let a(z) = z**3 + 40*z**2 - 542*z + 138. Determine a(13).
2049
Let b(x) = -49*x**2 - 460*x + 44. What is b(-8)?
588
Let n(f) = -1055*f - 80819. What is n(-76)?
-639
Let h(a) = a**3 + 765*a**2 + 116897*a + 630. Calculate h(-211).
-3
Let q(s) = 1755*s**2 - 5258*s - 14. Calculate q(3).
7
Let d(o) = 7*o**3 - 1132*o**2 - 75*o - 40335. What is d(162)?
3
Let d(i) = i**3 - 1680*i**2 - 11753*i + 75. Calculate d(-7).
-317
Let j(l) = -32*l**3 - 66*l**2 + 5*l - 8. Give j(-2).
-26
Let k(u) = -287766*u - 863275. Determine k(-3).
23
Let q(p) = 9*p**3 - 122*p**2 - 103*p + 57. Calculate q(14).
-601
Let h(y) = -3*y**2 + 601*y - 7808. Calculate h(183).
1708
Let s(y) = y**3 - 3*y**2 - 63*y - 119. Give s(13).
752
Let y(l) = -7798*l - 37466. Give y(-5).
1524
Let s(f) = 44843*f + 807178. What is s(-18)?
4
Let m(b) = 6*b**2 - 2109*b + 128602. Calculate m(273).
19
Let l(k) = 4*k**3 + 1565*k**2 + 3459*k - 16338. Calculate l(-389).
0
Let d(i) = i**3 + 7*i**2 - 160*i - 1019. Give d(-7).
101
Let s(o) = 2*o**3 - 279*o**2 + 405*o + 1084. Calculate s(138).
-158
Let q(a) = -1572*a**2 + 32*a - 27. Give q(-1).
-1631
Let c(d) = -d**2 + 206*d + 12261. Calculate c(-48).
69
Let s(p) = p**2 - 10399*p + 2665767. Determine s(263).
-1
Let l(m) = -19980*m - 5314694. Give l(-266).
-14
Let x(b) = b**3 - 193*b**2 + 1297*b + 35. Calculate x(7).
0
Let n(x) = -4287*x - 673077. Give n(-157).
-18
Let n(v) = 12*v**2 - 176*v + 178. What is n(12)?
-206
Let r(i) = -7*i**2 - 21*i + 1077. Determine r(11).
-1
Let m(j) = 223086*j + 41717080. Calculate m(-187).
-2
Let o(r) = 1237*r - 453992. Give o(367).
-13
Let n(h) = 2*h**3 + 51*h**2 - 63*h + 611. Determine n(-27).
125
Let k(d) = -5*d**3 - 248*d**2 + 902*d - 85. What is k(-53)?
-138
Let s(j) = -2*j**2 - 568*j + 67378. Determine s(90).
58
Let b(m) = -50735*m + 2739670. What is b(54)?
-20
Let h(a) = a**2 - 228*a + 11141. Give h(71).
-6
Let a(d) = 4458*d + 338811. What is a(-76)?
3
Let c(l) = 688897*l - 688757. Give c(1).
140
Let l(p) = -p**3 + 60*p**2 - 10*p - 2024. What is l(59)?
867
Let x(v) = v**3 + 1034*v**2 + 195478*v + 10205. Determine x(-785).
0
Let p(w) = 13060*w + 378742. Calculate p(-29).
2
Let k(v) = 6*v**3 - 8*v**2 + 6*v + 4793. Calculate k(0).
4793
Let w(n) = -3*n**2 + 84*n - 1349. Calculate w(10).
-809
Let x(u) = 3111*u + 687535. Determine x(-221).
4
Let g(a) = -6511*a**3 - a**2 + 2*a - 2. Calculate g(1).
-6512
Let h(a) = 159*a**2 + 12238*a - 380. What is h(-77)?
5
Let m(d) = -64525*d + 3032675. Give m(47).
0
Let h(y) = -y**3 - 35*y**2 + 110*y + 4843. Calculate h(-34).
-53
Let h(l) = 8*l**2 + 1404*l + 42938. Calculate h(-136).
-38
Let m(d) = -2056*d - 1650976. Calculate m(-803).
-8
Let m(b) = 93317*b - 6998787. What is m(75)?
-12
Let y(l) = 21*l**2 - 723*l + 980. Calculate y(33).
-10
Let p(a) = -2*a**2 + 6564*a + 360321. Calculate p(-54).
33
Let w(y) = -696*y**2 + 547750*y + 1573. Determine w(787).
-1
Let j(t) = 2*t**3 - 849*t**2 + 4042*t - 1534030. Give j(424).
2
Let q(r) = r**2 - 31*r - 128398. Determine q(374).
-116
Let g(f) = -7*f**3 - 91*f**2 - 256*f + 126. Give g(-5).
6
Let t(u) = u**2 + 323*u - 6495. Determine t(-342).
3
Let u(d) = -3748*d - 198670. Give u(-53).
-26
Let b(u) = u**2 + 185*u + 7226. Calculate b(-99).
-1288
Let n(g) = -2688*g - 147849. Calculate n(-55).
-9
Let c(u) = -u**3 - 136*u**2 + 137*u + 407. Calculate c(-137).
407
Let m(j) = -7*j**3 - 204*j**2 - 14*j + 451. What is m(-29)?
16
Let j(x) = -2*x**2 + 3063*x - 150990. What is j(51)?
21
Let b(d) = -3*d**3 + 20*d**2 + 104*d - 574. Determine b(8).
2
Let r(n) = n**3 - 126*n**2 + 343*n + 3270. Give r(123).
72
Let w(h) = 96*h - 3743. Give w(42).
289
Let d(u) = -113883*u + 23004363. Determine d(202).
-3
Let j(t) = 61*t**2 - 448*t - 3848. What is j(-5)?
-83
Let n(q) = -45786*q - 2976023. Determine n(-65).
67
Let a(b) = b**3 - 143*b**2 + 2662*b - 12. Give a(22).
-12
Let y(u) = 6525*u + 52142. Give y(-8).
-58
Let f(b) = -1001*b - 11358. What is f(-10)?
-1348
Let u(x) = -10*x**2 + 4489*x + 17966. Give u(-4).
-150
Let z(u) = -u**3 - 18*u**2 + 48*u + 63. Calculate z(-21).
378
Let p(n) = -419*n + 5512. What is p(15)?
-773
Let b(a) = 790*a - 160770. What is b(204)?
390
Let f(k) = -k**2 + 72*k + 188. Give f(85).
-917
Let a(d) = -d**3 + 69*d**2 + 2247*d + 318. What is a(-24)?
-42
Let i(v) = -v**3 - 2*v**2 - 4737*v + 9488. What is i(2)?
-2
Let c(d) = -60810*d**2 - 486476*d + 9. What is c(-8)?
-23
Let i(o) = o**3 - 4*o**2 + 6374*o - 31881. Determine i(5).
14
Let k(a) = -27250*a + 135918. Give k(5).
-332
Let x(r) = -r**2 - 70*r + 2063. Give x(-25).
3188
Let k(u) = -254*u**2 - 5610*u - 485. What is k(-22)?
-1
Let s(o) = -3*o**3 + 143*o**2 - 1625*o + 1037. Give s(30).
-13
Let h(n) = -72*n**2 + 5182*n + 101. Calculate h(72).
-43
Let i(g) = 17110*g + 650284. Calculate i(-38).
104
Let b(u) = u**3 + 2275*u**2 - 195714*u + 139. What is b(83)?
139
Let m(x) = x**3 - 127*x**2 - 566*x - 49845. Calculate m(134).
3
Let w(r) = -37*r**2 - 14652*r + 633. Determine w(-396).
633
Let w(o) = 93*o + 9679. Give w(-78).
2425
Let v(k) = -k**3 - 368*k**2 - 5629*k + 26. What is v(-16)?
-22
Let t(c) = 2*c**3 + 90*c**2 + 494*c - 19. Give t(-6).
-175
Let k(b) = -31*b**3 + 250*b**2 + 22*b - 283. What is k(8)?
21
Let f(h) = 90315*h + 5. Give f(0).
5
Let l(k) = -12*k**2 - 5855*k + 507. Determine l(-488).
19
Let g(y) = -2*y**3 - 3*y**2 + 517*y - 329. What is g(15)?
1
Let g(o) = -o**3 + 265*o**2 + 17281*o - 17574. Calculate g(319).
-29
Let q(o) = -42*o**2 + 294*o + 1236. What is q(10)?
-24
Let v(l) = -27*l**2 - 594*l + 618. What is v(-23)?
-3
Let b(q) = q**2 + 89*q + 590. Give b(-6).
92
Let f(w) = -335391*w - 335392. Calculate f(-1).
-1
Let i(c) = -910*c - 106491. Give i(-116).
-931
Let z(t) = -t**3 + 350*t**2 + 4740*t - 7246. What is z(363)?
377
Let h(q) = 94*q**2 + 116*q - 567. What is h(5)?
2363
Let y(p) = 3*p**3 + 32*p**2 + 358*p + 4025. Give y(-11).
-34
Let s(v) = -v**2 + 12822*v + 295435. Calculate s(-23).
0
Let d(i) = -i**3 + 22*i**2 - 257*i + 6797. What is d(24)?
-523
Let n(d) = -34642*d + 103555. Give n(3).
-371
Let r(h) = -h**2 - 437*h - 9661. Calculate r(-24).
251
Let h(u) = -63*u - 270. Determine h(24).
-1782
Let p(z) = -12*z**2 - 2404*z + 6485. Give p(-203).
-11
Let g(x) = 105*x**2 - 5724*x + 2957. Calculate g(54).
41
Let d(s) = -43*s**2 - 1428*s - 255. Give d(-33).
42
Let g(z) = 364*z**2 + 22654*z + 48840. Determine g(-60).
0
Let n(s) = 3*s**2 - 424*s - 540. Give n(142).
-256
Let f(k) = -213*k - 5668. Give f(-21).
-1195
Let l(o) = -448514*o + 7. Calculate l(0).
7
Let i(m) = -21432*m + 108. Determine i(0).
108
Let k(v) = 13*v**3 + 42*v**2 + 36*v - 3. Determine k(-3).
-84
Let v(w) = 52*w**2 - 3168*w - 33043. What is v(70)?
-3
Let d(a) = -3043*a - 124701. What is d(-41)?
62
Let d(b) = 9*b**2 + 210*b + 968. Calculate d(-17).
-1
Let b(n) = -3*n**2 - 428*n - 5551. Determine b(-128).
81
Let n(g) = 3*g**3 + 360*g**2 + 1050*g - 398. Determine n(-117).
-47
Let k(p) = 35*p**2 - 1330*p + 5780. What is k(33)?
5
Let l(g) = -3094*g - 126658. What is l(-41)?
196
Let o(t) = 2*t**3 - 247*t**2 + 362*t - 26. What is o(122)?
-514
Let t(b) = 2721*b**2 - 73516*b + 32. What is t(27)?
-1291
Let b(v) = -9*v**2 - 148912*v - 595654. Calculate b(-4).
-150
Let a(o) = 4*o**2 + 395*o - 791. What is a(-103)?
960
Let i(h) = 37*h**2 + 680*h + 3055. What is